{"id":7276,"date":"2024-02-08T12:24:11","date_gmt":"2024-02-08T15:24:11","guid":{"rendered":"https:\/\/www.serpromin.cl\/store\/?post_type=product&#038;p=7276"},"modified":"2024-02-08T12:24:11","modified_gmt":"2024-02-08T15:24:11","slug":"baliza-led-roja-con-zumbador","status":"publish","type":"product","link":"https:\/\/www.serpromin.cl\/store\/producto\/baliza-led-roja-con-zumbador\/","title":{"rendered":"Baliza LED roja con zumbador"},"content":{"rendered":"<p>Baliza LED roja<\/p>\n<ul>\n<li>Con zumbador<\/li>\n<li>Se\u00f1alizaci\u00f3n luminosa y tama\u00f1o peque\u00f1o, con reflector giratorio parab\u00f3lico. C\u00fapula acr\u00edlica \u00e1mbar.<\/li>\n<li>Alimentaci\u00f3n 220VAC \/ IP65<\/li>\n<li>Sujeci\u00f3n v\u00eda tres pernos sim\u00e9tricos.<\/li>\n<li>MENICS<\/li>\n<\/ul>\n","protected":false},"excerpt":{"rendered":"<p>Baliza LED roja Con zumbador Se\u00f1alizaci\u00f3n luminosa y tama\u00f1o peque\u00f1o, con reflector giratorio parab\u00f3lico. C\u00fapula acr\u00edlica \u00e1mbar. Alimentaci\u00f3n 220VAC \/ IP65 Sujeci\u00f3n v\u00eda tres pernos sim\u00e9tricos. MENICS<\/p>\n","protected":false},"featured_media":7277,"comment_status":"open","ping_status":"closed","template":"","meta":{"om_disable_all_campaigns":false,"_monsterinsights_skip_tracking":false,"_monsterinsights_sitenote_active":false,"_monsterinsights_sitenote_note":"","_monsterinsights_sitenote_category":0,"_uf_show_specific_survey":0,"_uf_disable_surveys":false},"product_brand":[],"product_cat":[146],"product_tag":[],"class_list":{"0":"post-7276","1":"product","2":"type-product","3":"status-publish","4":"has-post-thumbnail","6":"product_cat-proteccion-electrica","8":"first","9":"instock","10":"taxable","11":"shipping-taxable","12":"product-type-simple"},"_links":{"self":[{"href":"https:\/\/www.serpromin.cl\/store\/wp-json\/wp\/v2\/product\/7276","targetHints":{"allow":["GET"]}}],"collection":[{"href":"https:\/\/www.serpromin.cl\/store\/wp-json\/wp\/v2\/product"}],"about":[{"href":"https:\/\/www.serpromin.cl\/store\/wp-json\/wp\/v2\/types\/product"}],"replies":[{"embeddable":true,"href":"https:\/\/www.serpromin.cl\/store\/wp-json\/wp\/v2\/comments?post=7276"}],"wp:featuredmedia":[{"embeddable":true,"href":"https:\/\/www.serpromin.cl\/store\/wp-json\/wp\/v2\/media\/7277"}],"wp:attachment":[{"href":"https:\/\/www.serpromin.cl\/store\/wp-json\/wp\/v2\/media?parent=7276"}],"wp:term":[{"taxonomy":"product_brand","embeddable":true,"href":"https:\/\/www.serpromin.cl\/store\/wp-json\/wp\/v2\/product_brand?post=7276"},{"taxonomy":"product_cat","embeddable":true,"href":"https:\/\/www.serpromin.cl\/store\/wp-json\/wp\/v2\/product_cat?post=7276"},{"taxonomy":"product_tag","embeddable":true,"href":"https:\/\/www.serpromin.cl\/store\/wp-json\/wp\/v2\/product_tag?post=7276"}],"curies":[{"name":"wp","href":"https:\/\/api.w.org\/{rel}","templated":true}]}}