{"id":7239,"date":"2024-02-05T12:11:49","date_gmt":"2024-02-05T15:11:49","guid":{"rendered":"https:\/\/www.serpromin.cl\/store\/?post_type=product&#038;p=7239"},"modified":"2024-02-05T12:11:51","modified_gmt":"2024-02-05T15:11:51","slug":"cuerda","status":"publish","type":"product","link":"https:\/\/www.serpromin.cl\/store\/producto\/cuerda\/","title":{"rendered":"Cuerda"},"content":{"rendered":"<p>Cuerda de semiest\u00e1tica Sofamel<\/p>\n<ul>\n<li>Rollo de cuerda semiest\u00e1tica tipo \u201cescalada\u201d de 20 m y 11 mm de di\u00e1metro destinado para ser utilizada como medio de progresi\u00f3n con el antica\u00eddas deslizante modelo S\/ADM-353.<\/li>\n<li>Seg\u00fan norma EN 353-2.<\/li>\n<\/ul>\n","protected":false},"excerpt":{"rendered":"<p>Cuerda de semiest\u00e1tica Sofamel Rollo de cuerda semiest\u00e1tica tipo \u201cescalada\u201d de 20 m y 11 mm de di\u00e1metro destinado para ser utilizada como medio de progresi\u00f3n con el antica\u00eddas deslizante modelo S\/ADM-353. Seg\u00fan norma EN 353-2.<\/p>\n","protected":false},"featured_media":7240,"comment_status":"open","ping_status":"closed","template":"","meta":{"om_disable_all_campaigns":false,"_monsterinsights_skip_tracking":false,"_monsterinsights_sitenote_active":false,"_monsterinsights_sitenote_note":"","_monsterinsights_sitenote_category":0,"_uf_show_specific_survey":0,"_uf_disable_surveys":false},"product_brand":[],"product_cat":[146],"product_tag":[],"class_list":{"0":"post-7239","1":"product","2":"type-product","3":"status-publish","4":"has-post-thumbnail","6":"product_cat-proteccion-electrica","8":"first","9":"instock","10":"taxable","11":"shipping-taxable","12":"product-type-simple"},"_links":{"self":[{"href":"https:\/\/www.serpromin.cl\/store\/wp-json\/wp\/v2\/product\/7239","targetHints":{"allow":["GET"]}}],"collection":[{"href":"https:\/\/www.serpromin.cl\/store\/wp-json\/wp\/v2\/product"}],"about":[{"href":"https:\/\/www.serpromin.cl\/store\/wp-json\/wp\/v2\/types\/product"}],"replies":[{"embeddable":true,"href":"https:\/\/www.serpromin.cl\/store\/wp-json\/wp\/v2\/comments?post=7239"}],"wp:featuredmedia":[{"embeddable":true,"href":"https:\/\/www.serpromin.cl\/store\/wp-json\/wp\/v2\/media\/7240"}],"wp:attachment":[{"href":"https:\/\/www.serpromin.cl\/store\/wp-json\/wp\/v2\/media?parent=7239"}],"wp:term":[{"taxonomy":"product_brand","embeddable":true,"href":"https:\/\/www.serpromin.cl\/store\/wp-json\/wp\/v2\/product_brand?post=7239"},{"taxonomy":"product_cat","embeddable":true,"href":"https:\/\/www.serpromin.cl\/store\/wp-json\/wp\/v2\/product_cat?post=7239"},{"taxonomy":"product_tag","embeddable":true,"href":"https:\/\/www.serpromin.cl\/store\/wp-json\/wp\/v2\/product_tag?post=7239"}],"curies":[{"name":"wp","href":"https:\/\/api.w.org\/{rel}","templated":true}]}}