{"id":7148,"date":"2024-01-03T22:28:17","date_gmt":"2024-01-04T01:28:17","guid":{"rendered":"https:\/\/www.serpromin.cl\/store\/?post_type=product&#038;p=7148"},"modified":"2024-01-06T12:44:48","modified_gmt":"2024-01-06T15:44:48","slug":"panel-de-rescate-b1","status":"publish","type":"product","link":"https:\/\/www.serpromin.cl\/store\/producto\/panel-de-rescate-b1\/","title":{"rendered":"Panel de Rescate B1"},"content":{"rendered":"<div class=\"elementor-element elementor-element-225a1612 elementor-widget elementor-widget-text-editor\" data-id=\"225a1612\" data-element_type=\"widget\" data-widget_type=\"text-editor.default\">\n<div class=\"elementor-widget-container\">\n<div class=\"elementor-text-editor elementor-clearfix\">\n<p>En caso de un accidente el\u00e9ctrico, la rapidez de\u00a0intervenci\u00f3n es fundamental.<\/p>\n<p>El kit de salvamento se caracteriza por presentar\u00a0todos los elementos necesarios para el rescate\u00a0\u00a0y traslado de una victima en un lugar fijo y accesible\u00a0a todos los usuarios para una r\u00e1pida intervenci\u00f3n.<\/p>\n<\/div>\n<\/div>\n<\/div>\n<div class=\"elementor-element elementor-element-560999e2 elementor-hidden-tablet elementor-hidden-phone elementor-widget elementor-widget-text-editor\" data-id=\"560999e2\" data-element_type=\"widget\" data-widget_type=\"text-editor.default\">\n<div class=\"elementor-widget-container\">\n<div class=\"elementor-text-editor elementor-clearfix\">\n<p>CONTENIDO:<\/p>\n<ul>\n<li>1 P\u00e9rtiga de Salvamento<\/li>\n<li>1 Detector de Tensi\u00f3n 5-36 kV<\/li>\n<li>1 Par de Guantes Clase 3<\/li>\n<li>1 Cizalla Corta Cable<\/li>\n<li>1 Banqueta Diel\u00e9ctrica<\/li>\n<li>1 P\u00e9rtiga para Detector<\/li>\n<li>1 Par de Galochas Diel\u00e9ctricas<\/li>\n<li>1 Tabla Espinal con Inmovilizador<\/li>\n<li>1 Frasco de Sales<\/li>\n<li>1 C\u00e1nula Mayo<\/li>\n<li>1 Cuello Cervical<\/li>\n<li>1 Placa Primeros Auxilios<\/li>\n<li>1 Placa de Instrucciones<\/li>\n<\/ul>\n<\/div>\n<\/div>\n<\/div>\n","protected":false},"excerpt":{"rendered":"<p>En caso de un accidente el\u00e9ctrico, la rapidez de\u00a0intervenci\u00f3n es fundamental. El kit de salvamento se caracteriza por presentar\u00a0todos los elementos necesarios para el rescate\u00a0\u00a0y traslado de una victima en un lugar fijo y accesible\u00a0a todos los usuarios para una r\u00e1pida intervenci\u00f3n. CONTENIDO: 1 P\u00e9rtiga de Salvamento 1 Detector de Tensi\u00f3n 5-36 kV 1 Par [&#8230;]\n","protected":false},"featured_media":7172,"comment_status":"open","ping_status":"closed","template":"","meta":{"om_disable_all_campaigns":false,"_monsterinsights_skip_tracking":false,"_monsterinsights_sitenote_active":false,"_monsterinsights_sitenote_note":"","_monsterinsights_sitenote_category":0,"_uf_show_specific_survey":0,"_uf_disable_surveys":false},"product_brand":[],"product_cat":[146],"product_tag":[],"class_list":{"0":"post-7148","1":"product","2":"type-product","3":"status-publish","4":"has-post-thumbnail","6":"product_cat-proteccion-electrica","8":"first","9":"instock","10":"taxable","11":"shipping-taxable","12":"product-type-simple"},"_links":{"self":[{"href":"https:\/\/www.serpromin.cl\/store\/wp-json\/wp\/v2\/product\/7148","targetHints":{"allow":["GET"]}}],"collection":[{"href":"https:\/\/www.serpromin.cl\/store\/wp-json\/wp\/v2\/product"}],"about":[{"href":"https:\/\/www.serpromin.cl\/store\/wp-json\/wp\/v2\/types\/product"}],"replies":[{"embeddable":true,"href":"https:\/\/www.serpromin.cl\/store\/wp-json\/wp\/v2\/comments?post=7148"}],"wp:featuredmedia":[{"embeddable":true,"href":"https:\/\/www.serpromin.cl\/store\/wp-json\/wp\/v2\/media\/7172"}],"wp:attachment":[{"href":"https:\/\/www.serpromin.cl\/store\/wp-json\/wp\/v2\/media?parent=7148"}],"wp:term":[{"taxonomy":"product_brand","embeddable":true,"href":"https:\/\/www.serpromin.cl\/store\/wp-json\/wp\/v2\/product_brand?post=7148"},{"taxonomy":"product_cat","embeddable":true,"href":"https:\/\/www.serpromin.cl\/store\/wp-json\/wp\/v2\/product_cat?post=7148"},{"taxonomy":"product_tag","embeddable":true,"href":"https:\/\/www.serpromin.cl\/store\/wp-json\/wp\/v2\/product_tag?post=7148"}],"curies":[{"name":"wp","href":"https:\/\/api.w.org\/{rel}","templated":true}]}}