{"id":7144,"date":"2024-01-03T22:21:02","date_gmt":"2024-01-04T01:21:02","guid":{"rendered":"https:\/\/www.serpromin.cl\/store\/?post_type=product&#038;p=7144"},"modified":"2024-01-03T22:21:03","modified_gmt":"2024-01-04T01:21:03","slug":"pertigas-de-maniobra-bme","status":"publish","type":"product","link":"https:\/\/www.serpromin.cl\/store\/producto\/pertigas-de-maniobra-bme\/","title":{"rendered":"P\u00e9rtigas de Maniobra BME"},"content":{"rendered":"<p>P\u00e9rtigas de un solo tramo, realizadas con tubo de poli\u00e9ster y fibra de vidrio de 32 mm de di\u00e1metro. Con obturaciones antihumedad en ambos extremos del mismo, 3 campanas deflectoras, guardamanos, empu\u00f1adura, contera, cabezal universal y gancho de maniobra.<\/p>\n<p>BME-45<\/p>\n<ul>\n<li>Longitud total : 1.60 metros<\/li>\n<li>Tensi\u00f3n de trabajo: 45 kV<\/li>\n<li>Uso INTERIOR y EXTERIOR<\/li>\n<li>en ambiente seco y h\u00famedo<\/li>\n<\/ul>\n<p>BME-66<\/p>\n<ul>\n<li>Longitud total : 2.10 metros<\/li>\n<li>Tensi\u00f3n de trabajo: 66 kV<\/li>\n<li>Uso INTERIOR y EXTERIOR<\/li>\n<li>en ambiente seco y h\u00famedo<\/li>\n<\/ul>\n<p>BME-132<\/p>\n<ul>\n<li>Longitud total : 3.10 metros<\/li>\n<li>Tensi\u00f3n de trabajo: 132 kV<\/li>\n<li>Uso INTERIOR y EXTERIOR<\/li>\n<li>en ambiente seco y h\u00famedo<\/li>\n<\/ul>\n","protected":false},"excerpt":{"rendered":"<p>P\u00e9rtigas de un solo tramo, realizadas con tubo de poli\u00e9ster y fibra de vidrio de 32 mm de di\u00e1metro. Con obturaciones antihumedad en ambos extremos del mismo, 3 campanas deflectoras, guardamanos, empu\u00f1adura, contera, cabezal universal y gancho de maniobra. BME-45 Longitud total : 1.60 metros Tensi\u00f3n de trabajo: 45 kV Uso INTERIOR y EXTERIOR en [&#8230;]\n","protected":false},"featured_media":7145,"comment_status":"open","ping_status":"closed","template":"","meta":{"om_disable_all_campaigns":false,"_monsterinsights_skip_tracking":false,"_monsterinsights_sitenote_active":false,"_monsterinsights_sitenote_note":"","_monsterinsights_sitenote_category":0,"_uf_show_specific_survey":0,"_uf_disable_surveys":false},"product_brand":[],"product_cat":[146],"product_tag":[],"class_list":{"0":"post-7144","1":"product","2":"type-product","3":"status-publish","4":"has-post-thumbnail","6":"product_cat-proteccion-electrica","8":"first","9":"instock","10":"taxable","11":"shipping-taxable","12":"product-type-simple"},"_links":{"self":[{"href":"https:\/\/www.serpromin.cl\/store\/wp-json\/wp\/v2\/product\/7144","targetHints":{"allow":["GET"]}}],"collection":[{"href":"https:\/\/www.serpromin.cl\/store\/wp-json\/wp\/v2\/product"}],"about":[{"href":"https:\/\/www.serpromin.cl\/store\/wp-json\/wp\/v2\/types\/product"}],"replies":[{"embeddable":true,"href":"https:\/\/www.serpromin.cl\/store\/wp-json\/wp\/v2\/comments?post=7144"}],"wp:featuredmedia":[{"embeddable":true,"href":"https:\/\/www.serpromin.cl\/store\/wp-json\/wp\/v2\/media\/7145"}],"wp:attachment":[{"href":"https:\/\/www.serpromin.cl\/store\/wp-json\/wp\/v2\/media?parent=7144"}],"wp:term":[{"taxonomy":"product_brand","embeddable":true,"href":"https:\/\/www.serpromin.cl\/store\/wp-json\/wp\/v2\/product_brand?post=7144"},{"taxonomy":"product_cat","embeddable":true,"href":"https:\/\/www.serpromin.cl\/store\/wp-json\/wp\/v2\/product_cat?post=7144"},{"taxonomy":"product_tag","embeddable":true,"href":"https:\/\/www.serpromin.cl\/store\/wp-json\/wp\/v2\/product_tag?post=7144"}],"curies":[{"name":"wp","href":"https:\/\/api.w.org\/{rel}","templated":true}]}}