{"id":7105,"date":"2024-01-03T17:30:22","date_gmt":"2024-01-03T20:30:22","guid":{"rendered":"https:\/\/www.serpromin.cl\/store\/?post_type=product&#038;p=7105"},"modified":"2024-01-06T13:12:56","modified_gmt":"2024-01-06T16:12:56","slug":"detector-de-tension-electronico-iec-media-tension-optico-y-acustico","status":"publish","type":"product","link":"https:\/\/www.serpromin.cl\/store\/producto\/detector-de-tension-electronico-iec-media-tension-optico-y-acustico\/","title":{"rendered":"Detector de tensi\u00f3n electr\u00f3nico IEC Media tensi\u00f3n \u2013 \u00d3ptico y Ac\u00fastico"},"content":{"rendered":"<p>Linterna en la parte superior con leds de alto brillo y bajo consumo, para uso en lugares oscuros. La utilizaci\u00f3n de la linterna es independiente al sistema de detecci\u00f3n.<\/p>\n<p>Indicador de presencia de tensi\u00f3n mediante m\u00faltiples leds rojos de alta luminosidad a 360\u00b0 y se\u00f1al ac\u00fastica intermitente mediante zumbador.<\/p>\n<p>Indicador de ausencia de tensi\u00f3n mediante m\u00faltiples leds verdes de alta luminosidad a 360\u00b0.<\/p>\n<p>Bater\u00eda baja se indica mediante LED naranja.<\/p>\n<p>Sistema de auto verificaci\u00f3n para el circuito completo pulsando el bot\u00f3n de prueba.<\/p>\n<p>Deja de funcionar cuando la bater\u00eda es baja.<\/p>\n<p>Rango de temperatura de trabajo: de -25\u00b0 C a +55\u00b0 C.<\/p>\n<p>Autoignici\u00f3n con presencia de tensi\u00f3n.<\/p>\n<p>Apagado autom\u00e1tico a modo de espera pasado dos minutos con ausencia de tensi\u00f3n. En este modo el consumo es de menos de 1 microamper.<\/p>\n<p>Uso en interior y exterior mediante p\u00e9rtiga aislante adecuada al rango de tensi\u00f3n del detector. Acoplamiento a la p\u00e9rtiga mediante cabezal universal.<\/p>\n<p>Pilas incluidas 2xAA, mayor capacidad y durabilidad.<\/p>\n<p>Suministrado en malet\u00edn reforzado.<\/p>\n<p>Seg\u00fan normas IEC 61243:2003+A1:2009 y<\/p>\n<p>UNE-EN 61243-1:2006+A1:2011.<\/p>\n<p>(Detalle de modelos en ficha t\u00e9cnica)<\/p>\n","protected":false},"excerpt":{"rendered":"<p>Linterna en la parte superior con leds de alto brillo y bajo consumo, para uso en lugares oscuros. La utilizaci\u00f3n de la linterna es independiente al sistema de detecci\u00f3n. Indicador de presencia de tensi\u00f3n mediante m\u00faltiples leds rojos de alta luminosidad a 360\u00b0 y se\u00f1al ac\u00fastica intermitente mediante zumbador. Indicador de ausencia de tensi\u00f3n mediante [&#8230;]\n","protected":false},"featured_media":7179,"comment_status":"open","ping_status":"closed","template":"","meta":{"om_disable_all_campaigns":false,"_monsterinsights_skip_tracking":false,"_monsterinsights_sitenote_active":false,"_monsterinsights_sitenote_note":"","_monsterinsights_sitenote_category":0,"_uf_show_specific_survey":0,"_uf_disable_surveys":false},"product_brand":[],"product_cat":[146],"product_tag":[],"class_list":{"0":"post-7105","1":"product","2":"type-product","3":"status-publish","4":"has-post-thumbnail","6":"product_cat-proteccion-electrica","8":"first","9":"instock","10":"taxable","11":"shipping-taxable","12":"product-type-simple"},"_links":{"self":[{"href":"https:\/\/www.serpromin.cl\/store\/wp-json\/wp\/v2\/product\/7105","targetHints":{"allow":["GET"]}}],"collection":[{"href":"https:\/\/www.serpromin.cl\/store\/wp-json\/wp\/v2\/product"}],"about":[{"href":"https:\/\/www.serpromin.cl\/store\/wp-json\/wp\/v2\/types\/product"}],"replies":[{"embeddable":true,"href":"https:\/\/www.serpromin.cl\/store\/wp-json\/wp\/v2\/comments?post=7105"}],"wp:featuredmedia":[{"embeddable":true,"href":"https:\/\/www.serpromin.cl\/store\/wp-json\/wp\/v2\/media\/7179"}],"wp:attachment":[{"href":"https:\/\/www.serpromin.cl\/store\/wp-json\/wp\/v2\/media?parent=7105"}],"wp:term":[{"taxonomy":"product_brand","embeddable":true,"href":"https:\/\/www.serpromin.cl\/store\/wp-json\/wp\/v2\/product_brand?post=7105"},{"taxonomy":"product_cat","embeddable":true,"href":"https:\/\/www.serpromin.cl\/store\/wp-json\/wp\/v2\/product_cat?post=7105"},{"taxonomy":"product_tag","embeddable":true,"href":"https:\/\/www.serpromin.cl\/store\/wp-json\/wp\/v2\/product_tag?post=7105"}],"curies":[{"name":"wp","href":"https:\/\/api.w.org\/{rel}","templated":true}]}}