{"id":6827,"date":"2023-03-21T18:01:08","date_gmt":"2023-03-21T21:01:08","guid":{"rendered":"https:\/\/www.serpromin.cl\/store\/?post_type=product&#038;p=6827"},"modified":"2023-03-30T14:15:30","modified_gmt":"2023-03-30T17:15:30","slug":"visor-de-policarbonato-steelpro","status":"publish","type":"product","link":"https:\/\/www.serpromin.cl\/store\/producto\/visor-de-policarbonato-steelpro\/","title":{"rendered":"Visor de Policarbonato &#8211; Steelpro"},"content":{"rendered":"<p>Fabricado en Policarbonato Oft\u00e1lmico, material liviano y resistente a impactos. Este visor permite proteger el rostro de salpicaduras qu\u00edmicas y proyecci\u00f3n de part\u00edculas.<\/p>\n<p>En conformidad completa con Normativa ANSI<\/p>\n","protected":false},"excerpt":{"rendered":"<p>Fabricado en Policarbonato Oft\u00e1lmico, material liviano y resistente a impactos. Este visor permite proteger el rostro de salpicaduras qu\u00edmicas y proyecci\u00f3n de part\u00edculas. En conformidad completa con Normativa ANSI<\/p>\n","protected":false},"featured_media":6828,"comment_status":"open","ping_status":"closed","template":"","meta":{"om_disable_all_campaigns":false,"_monsterinsights_skip_tracking":false,"_monsterinsights_sitenote_active":false,"_monsterinsights_sitenote_note":"","_monsterinsights_sitenote_category":0,"_uf_show_specific_survey":0,"_uf_disable_surveys":false},"product_brand":[],"product_cat":[16,22],"product_tag":[],"class_list":{"0":"post-6827","1":"product","2":"type-product","3":"status-publish","4":"has-post-thumbnail","6":"product_cat-seguridad-industrial","7":"product_cat-proteccion-visual","9":"first","10":"instock","11":"taxable","12":"shipping-taxable","13":"product-type-simple"},"_links":{"self":[{"href":"https:\/\/www.serpromin.cl\/store\/wp-json\/wp\/v2\/product\/6827","targetHints":{"allow":["GET"]}}],"collection":[{"href":"https:\/\/www.serpromin.cl\/store\/wp-json\/wp\/v2\/product"}],"about":[{"href":"https:\/\/www.serpromin.cl\/store\/wp-json\/wp\/v2\/types\/product"}],"replies":[{"embeddable":true,"href":"https:\/\/www.serpromin.cl\/store\/wp-json\/wp\/v2\/comments?post=6827"}],"wp:featuredmedia":[{"embeddable":true,"href":"https:\/\/www.serpromin.cl\/store\/wp-json\/wp\/v2\/media\/6828"}],"wp:attachment":[{"href":"https:\/\/www.serpromin.cl\/store\/wp-json\/wp\/v2\/media?parent=6827"}],"wp:term":[{"taxonomy":"product_brand","embeddable":true,"href":"https:\/\/www.serpromin.cl\/store\/wp-json\/wp\/v2\/product_brand?post=6827"},{"taxonomy":"product_cat","embeddable":true,"href":"https:\/\/www.serpromin.cl\/store\/wp-json\/wp\/v2\/product_cat?post=6827"},{"taxonomy":"product_tag","embeddable":true,"href":"https:\/\/www.serpromin.cl\/store\/wp-json\/wp\/v2\/product_tag?post=6827"}],"curies":[{"name":"wp","href":"https:\/\/api.w.org\/{rel}","templated":true}]}}