{"id":6803,"date":"2023-03-20T13:20:43","date_gmt":"2023-03-20T16:20:43","guid":{"rendered":"https:\/\/www.serpromin.cl\/store\/?post_type=product&#038;p=6803"},"modified":"2023-03-29T19:22:05","modified_gmt":"2023-03-29T22:22:05","slug":"arva-tracker-s-bca","status":"publish","type":"product","link":"https:\/\/www.serpromin.cl\/store\/producto\/arva-tracker-s-bca\/","title":{"rendered":"Arva Tracker S -BCA"},"content":{"rendered":"<p>El transceptor de avalancha BCA Tracker S \u2122 tiene el rendimiento, la facilidad de uso y la visualizaci\u00f3n instant\u00e1nea en tiempo real, sin detecci\u00f3n de movimiento ni software actualizable: caracter\u00edsticas avanzadas que necesitan los profesionales de la nieve.<\/p>\n<p>&nbsp;<\/p>\n<p><strong>Caracter\u00edsticas:<\/strong><\/p>\n<ul>\n<li>3 antenas.<\/li>\n<li>Pantalla LED resistente a bajas temperaturas.<\/li>\n<li>Indicador de m\u00faltiples personas.<\/li>\n<li>Indicador de proximidad e distancia.<\/li>\n<li>Modo de Silencio.<\/li>\n<li>Modo de Reversa autom\u00e1tica.<\/li>\n<li>Modo de b\u00fasqueda general.<\/li>\n<li>Modo de supresi\u00f3n de Se\u00f1al.<\/li>\n<\/ul>\n<p><strong>Especificaciones:<\/strong><\/p>\n<ul>\n<li>Peso Unidad: 165 Gramos.<\/li>\n<li>Peso arn\u00e9s: 120 Gramos.<\/li>\n<li>Dimensiones: 11.5 x 7.1 x 2.6 cm.<\/li>\n<li>Frecuencia: 457 KHZ.<\/li>\n<li>Rango de B\u00fasqueda: 55 Metros.<\/li>\n<li>Ancho de B\u00fasqueda: 50 Metros.<\/li>\n<li>Bater\u00edas: 3 pilas AAA.<\/li>\n<li>Duraci\u00f3n de Bater\u00edas:<\/li>\n<li>M\u00ednimo una hora en b\u00fasqueda luego de 200 horas en modo de transmitir.<\/li>\n<li>Aproximadamente 250 horas en modo de transmito y 50 horas en modo b\u00fasqueda.<\/li>\n<\/ul>\n<p><strong>Patentes y Certificaciones:<\/strong><br \/>\nCertificado bajo todas las normas aplicables en Am\u00e9rica del Norte y la Uni\u00f3n Europeo. US Patent Numbers 6,167,249 y 6,484,021.<\/p>\n","protected":false},"excerpt":{"rendered":"<p>El transceptor de avalancha BCA Tracker S \u2122 tiene el rendimiento, la facilidad de uso y la visualizaci\u00f3n instant\u00e1nea en tiempo real, sin detecci\u00f3n de movimiento ni software actualizable: caracter\u00edsticas avanzadas que necesitan los profesionales de la nieve. &nbsp; Caracter\u00edsticas: 3 antenas. Pantalla LED resistente a bajas temperaturas. Indicador de m\u00faltiples personas. Indicador de proximidad [&#8230;]\n","protected":false},"featured_media":6804,"comment_status":"open","ping_status":"closed","template":"","meta":{"om_disable_all_campaigns":false,"_monsterinsights_skip_tracking":false,"_monsterinsights_sitenote_active":false,"_monsterinsights_sitenote_note":"","_monsterinsights_sitenote_category":0,"_uf_show_specific_survey":0,"_uf_disable_surveys":false},"product_brand":[],"product_cat":[28,16],"product_tag":[],"class_list":{"0":"post-6803","1":"product","2":"type-product","3":"status-publish","4":"has-post-thumbnail","6":"product_cat-primeros-auxilios-y-rescate","7":"product_cat-seguridad-industrial","9":"first","10":"instock","11":"taxable","12":"shipping-taxable","13":"product-type-simple"},"_links":{"self":[{"href":"https:\/\/www.serpromin.cl\/store\/wp-json\/wp\/v2\/product\/6803","targetHints":{"allow":["GET"]}}],"collection":[{"href":"https:\/\/www.serpromin.cl\/store\/wp-json\/wp\/v2\/product"}],"about":[{"href":"https:\/\/www.serpromin.cl\/store\/wp-json\/wp\/v2\/types\/product"}],"replies":[{"embeddable":true,"href":"https:\/\/www.serpromin.cl\/store\/wp-json\/wp\/v2\/comments?post=6803"}],"wp:featuredmedia":[{"embeddable":true,"href":"https:\/\/www.serpromin.cl\/store\/wp-json\/wp\/v2\/media\/6804"}],"wp:attachment":[{"href":"https:\/\/www.serpromin.cl\/store\/wp-json\/wp\/v2\/media?parent=6803"}],"wp:term":[{"taxonomy":"product_brand","embeddable":true,"href":"https:\/\/www.serpromin.cl\/store\/wp-json\/wp\/v2\/product_brand?post=6803"},{"taxonomy":"product_cat","embeddable":true,"href":"https:\/\/www.serpromin.cl\/store\/wp-json\/wp\/v2\/product_cat?post=6803"},{"taxonomy":"product_tag","embeddable":true,"href":"https:\/\/www.serpromin.cl\/store\/wp-json\/wp\/v2\/product_tag?post=6803"}],"curies":[{"name":"wp","href":"https:\/\/api.w.org\/{rel}","templated":true}]}}