{"id":6722,"date":"2023-02-06T21:00:54","date_gmt":"2023-02-07T00:00:54","guid":{"rendered":"https:\/\/www.serpromin.cl\/store\/?post_type=product&#038;p=6722"},"modified":"2023-02-06T21:00:55","modified_gmt":"2023-02-07T00:00:55","slug":"guantes-dielectricos-salisbury","status":"publish","type":"product","link":"https:\/\/www.serpromin.cl\/store\/producto\/guantes-dielectricos-salisbury\/","title":{"rendered":"Guantes Dielectricos &#8211; Salisbury"},"content":{"rendered":"","protected":false},"excerpt":{"rendered":"<p>Los Guantes Diel\u00e9ctricos para Linieros, son la primera defensa en la protecci\u00f3n personal frente al contacto accidental con l\u00edneas o equipos energizados.<\/p>\n<ul>\n<li>Fabricados bajo las normas r\u00edgidas de control de calidad, combinando la m\u00e1s alta tecnolog\u00eda con los mejores ingredientes.<\/li>\n<li>El Guante Diel\u00e9ctrico es de color rojo interior y negro exterior.<\/li>\n<li>La tensi\u00f3n de prueba del Guante Diel\u00e9ctrico clase 1 es de 10.000 V. y su tensi\u00f3n de uso M\u00e1ximo es de 7.500 V. en tensi\u00f3n alterna y 11.250 el tensi\u00f3n continua.<\/li>\n<li>Los guantes diel\u00e9ctricos cumplen con las normas ASTM D120 y Aprobados por IEC &amp; EN60903<\/li>\n<li>En cumplimientos con las normas Americanas y Europeas, los Guantes Diel\u00e9ctricos deben ser comprobados visual y el\u00e9ctricamente cada 6 meses.<\/li>\n<li>El Guante Protector es de Cuero de Vaca, de color Naranjo al dorso de la mano y de Corte Diagonal, Modelo ILPP<\/li>\n<\/ul>\n","protected":false},"featured_media":6723,"comment_status":"open","ping_status":"closed","template":"","meta":{"om_disable_all_campaigns":false,"_monsterinsights_skip_tracking":false,"_monsterinsights_sitenote_active":false,"_monsterinsights_sitenote_note":"","_monsterinsights_sitenote_category":0,"_uf_show_specific_survey":0,"_uf_disable_surveys":false},"product_brand":[],"product_cat":[146,16],"product_tag":[],"class_list":{"0":"post-6722","1":"product","2":"type-product","3":"status-publish","4":"has-post-thumbnail","6":"product_cat-proteccion-electrica","7":"product_cat-seguridad-industrial","9":"first","10":"instock","11":"taxable","12":"shipping-taxable","13":"product-type-simple"},"_links":{"self":[{"href":"https:\/\/www.serpromin.cl\/store\/wp-json\/wp\/v2\/product\/6722","targetHints":{"allow":["GET"]}}],"collection":[{"href":"https:\/\/www.serpromin.cl\/store\/wp-json\/wp\/v2\/product"}],"about":[{"href":"https:\/\/www.serpromin.cl\/store\/wp-json\/wp\/v2\/types\/product"}],"replies":[{"embeddable":true,"href":"https:\/\/www.serpromin.cl\/store\/wp-json\/wp\/v2\/comments?post=6722"}],"wp:featuredmedia":[{"embeddable":true,"href":"https:\/\/www.serpromin.cl\/store\/wp-json\/wp\/v2\/media\/6723"}],"wp:attachment":[{"href":"https:\/\/www.serpromin.cl\/store\/wp-json\/wp\/v2\/media?parent=6722"}],"wp:term":[{"taxonomy":"product_brand","embeddable":true,"href":"https:\/\/www.serpromin.cl\/store\/wp-json\/wp\/v2\/product_brand?post=6722"},{"taxonomy":"product_cat","embeddable":true,"href":"https:\/\/www.serpromin.cl\/store\/wp-json\/wp\/v2\/product_cat?post=6722"},{"taxonomy":"product_tag","embeddable":true,"href":"https:\/\/www.serpromin.cl\/store\/wp-json\/wp\/v2\/product_tag?post=6722"}],"curies":[{"name":"wp","href":"https:\/\/api.w.org\/{rel}","templated":true}]}}