{"id":6682,"date":"2023-01-24T17:21:34","date_gmt":"2023-01-24T20:21:34","guid":{"rendered":"https:\/\/www.serpromin.cl\/store\/?post_type=product&#038;p=6682"},"modified":"2023-01-24T17:33:33","modified_gmt":"2023-01-24T20:33:33","slug":"lentes-lido-resistor","status":"publish","type":"product","link":"https:\/\/www.serpromin.cl\/store\/producto\/lentes-lido-resistor\/","title":{"rendered":"Lentes Lido &#8211; Resistor"},"content":{"rendered":"<p>COMPOSICI\u00d3N: Lente de Policarbonato y sellado en goma EVA.<\/p>\n<p>CARACTERISTICAS:<\/p>\n<ul>\n<li>Lente con protecci\u00f3n uv sellado con goma eva para protecci\u00f3n de part\u00edculas en suspensi\u00f3n, l\u00edquidos y polvo.<\/li>\n<li>Tecnolog\u00eda \u201cFlat Legs\u201d, que consiste en patillas ultra planas anti dolor, evitando molestias en la zona del o\u00eddo por uso prolongado.<\/li>\n<li>Opciones de color: Claro \/ Gris \/ In&amp;Out<\/li>\n<\/ul>\n","protected":false},"excerpt":{"rendered":"<p>Lente con protecci\u00f3n uv sellado con goma eva para protecci\u00f3n de part\u00edculas en suspensi\u00f3n, l\u00edquidos y polvo.<\/p>\n","protected":false},"featured_media":6683,"comment_status":"open","ping_status":"closed","template":"","meta":{"om_disable_all_campaigns":false,"_monsterinsights_skip_tracking":false,"_monsterinsights_sitenote_active":false,"_monsterinsights_sitenote_note":"","_monsterinsights_sitenote_category":0,"_uf_show_specific_survey":0,"_uf_disable_surveys":false},"product_brand":[],"product_cat":[16,22],"product_tag":[],"class_list":{"0":"post-6682","1":"product","2":"type-product","3":"status-publish","4":"has-post-thumbnail","6":"product_cat-seguridad-industrial","7":"product_cat-proteccion-visual","9":"first","10":"instock","11":"taxable","12":"shipping-taxable","13":"product-type-simple"},"_links":{"self":[{"href":"https:\/\/www.serpromin.cl\/store\/wp-json\/wp\/v2\/product\/6682","targetHints":{"allow":["GET"]}}],"collection":[{"href":"https:\/\/www.serpromin.cl\/store\/wp-json\/wp\/v2\/product"}],"about":[{"href":"https:\/\/www.serpromin.cl\/store\/wp-json\/wp\/v2\/types\/product"}],"replies":[{"embeddable":true,"href":"https:\/\/www.serpromin.cl\/store\/wp-json\/wp\/v2\/comments?post=6682"}],"wp:featuredmedia":[{"embeddable":true,"href":"https:\/\/www.serpromin.cl\/store\/wp-json\/wp\/v2\/media\/6683"}],"wp:attachment":[{"href":"https:\/\/www.serpromin.cl\/store\/wp-json\/wp\/v2\/media?parent=6682"}],"wp:term":[{"taxonomy":"product_brand","embeddable":true,"href":"https:\/\/www.serpromin.cl\/store\/wp-json\/wp\/v2\/product_brand?post=6682"},{"taxonomy":"product_cat","embeddable":true,"href":"https:\/\/www.serpromin.cl\/store\/wp-json\/wp\/v2\/product_cat?post=6682"},{"taxonomy":"product_tag","embeddable":true,"href":"https:\/\/www.serpromin.cl\/store\/wp-json\/wp\/v2\/product_tag?post=6682"}],"curies":[{"name":"wp","href":"https:\/\/api.w.org\/{rel}","templated":true}]}}