{"id":6659,"date":"2023-01-24T14:49:22","date_gmt":"2023-01-24T17:49:22","guid":{"rendered":"https:\/\/www.serpromin.cl\/store\/?post_type=product&#038;p=6659"},"modified":"2023-01-24T14:52:23","modified_gmt":"2023-01-24T17:52:23","slug":"6659","status":"publish","type":"product","link":"https:\/\/www.serpromin.cl\/store\/producto\/6659\/","title":{"rendered":"Antiparra Metro &#8211; Resistor"},"content":{"rendered":"<p>Antiparra de policarbonato con sello de silicona, posee cinta ajustable lo que permite un buen sellado y ajuste al rostro.<\/p>\n<p>CARARTER\u00cdSTICAS<\/p>\n<ul>\n<li>COMPOSICI\u00d3N: Policarbonato.<\/li>\n<li>Marco ventilado de PVC con sello de goma que evita el ingreso de todo tipo de part\u00edculas y salpicaduras de l\u00edquidos.<\/li>\n<li>Ajuste nasal soft incorporado en sello de goma.<\/li>\n<li>Banda el\u00e1stica ajustable.<\/li>\n<\/ul>\n","protected":false},"excerpt":{"rendered":"<p>Antiparra de policarbonato con sello de silicona, posee cinta ajustable lo que permite un buen sellado y ajuste al rostro. CARARTER\u00cdSTICAS COMPOSICI\u00d3N: Policarbonato. Marco ventilado de PVC con sello de goma que evita el ingreso de todo tipo de part\u00edculas y salpicaduras de l\u00edquidos. Ajuste nasal soft incorporado en sello de goma. Banda el\u00e1stica ajustable.<\/p>\n","protected":false},"featured_media":6663,"comment_status":"open","ping_status":"closed","template":"","meta":{"om_disable_all_campaigns":false,"_monsterinsights_skip_tracking":false,"_monsterinsights_sitenote_active":false,"_monsterinsights_sitenote_note":"","_monsterinsights_sitenote_category":0,"_uf_show_specific_survey":0,"_uf_disable_surveys":false},"product_brand":[],"product_cat":[16,22],"product_tag":[],"class_list":{"0":"post-6659","1":"product","2":"type-product","3":"status-publish","4":"has-post-thumbnail","6":"product_cat-seguridad-industrial","7":"product_cat-proteccion-visual","9":"first","10":"instock","11":"taxable","12":"shipping-taxable","13":"product-type-simple"},"_links":{"self":[{"href":"https:\/\/www.serpromin.cl\/store\/wp-json\/wp\/v2\/product\/6659","targetHints":{"allow":["GET"]}}],"collection":[{"href":"https:\/\/www.serpromin.cl\/store\/wp-json\/wp\/v2\/product"}],"about":[{"href":"https:\/\/www.serpromin.cl\/store\/wp-json\/wp\/v2\/types\/product"}],"replies":[{"embeddable":true,"href":"https:\/\/www.serpromin.cl\/store\/wp-json\/wp\/v2\/comments?post=6659"}],"wp:featuredmedia":[{"embeddable":true,"href":"https:\/\/www.serpromin.cl\/store\/wp-json\/wp\/v2\/media\/6663"}],"wp:attachment":[{"href":"https:\/\/www.serpromin.cl\/store\/wp-json\/wp\/v2\/media?parent=6659"}],"wp:term":[{"taxonomy":"product_brand","embeddable":true,"href":"https:\/\/www.serpromin.cl\/store\/wp-json\/wp\/v2\/product_brand?post=6659"},{"taxonomy":"product_cat","embeddable":true,"href":"https:\/\/www.serpromin.cl\/store\/wp-json\/wp\/v2\/product_cat?post=6659"},{"taxonomy":"product_tag","embeddable":true,"href":"https:\/\/www.serpromin.cl\/store\/wp-json\/wp\/v2\/product_tag?post=6659"}],"curies":[{"name":"wp","href":"https:\/\/api.w.org\/{rel}","templated":true}]}}