{"id":6653,"date":"2023-01-24T12:54:38","date_gmt":"2023-01-24T15:54:38","guid":{"rendered":"https:\/\/www.serpromin.cl\/store\/?post_type=product&#038;p=6653"},"modified":"2023-01-24T13:38:04","modified_gmt":"2023-01-24T16:38:04","slug":"lentes-rex-resistor","status":"publish","type":"product","link":"https:\/\/www.serpromin.cl\/store\/producto\/lentes-rex-resistor\/","title":{"rendered":"Lentes Rex &#8211; Resistor"},"content":{"rendered":"<p>COMPOSICI\u00d3N: Policarbonato<\/p>\n<p>CARACTERISTICAS:<br \/>\nLente con protecci\u00f3n uv, de c\u00f3modo uso ya que posee gomas en las \u00e1reas de soporte nasal y o\u00eddos.<br \/>\nOpciones de color: Claro \/ Gris \/ In&amp;Out<br \/>\nCaja: 250 unidades.<\/p>\n","protected":false},"excerpt":{"rendered":"<p>COMPOSICI\u00d3N: Policarbonato CARACTERISTICAS: Lente con protecci\u00f3n uv, de c\u00f3modo uso ya que posee gomas en las \u00e1reas de soporte nasal y o\u00eddos. Opciones de color: Claro \/ Gris \/ In&amp;Out Caja: 250 unidades.<\/p>\n","protected":false},"featured_media":6658,"comment_status":"open","ping_status":"closed","template":"","meta":{"om_disable_all_campaigns":false,"_monsterinsights_skip_tracking":false,"_monsterinsights_sitenote_active":false,"_monsterinsights_sitenote_note":"","_monsterinsights_sitenote_category":0,"_uf_show_specific_survey":0,"_uf_disable_surveys":false},"product_brand":[],"product_cat":[16,22],"product_tag":[],"class_list":{"0":"post-6653","1":"product","2":"type-product","3":"status-publish","4":"has-post-thumbnail","6":"product_cat-seguridad-industrial","7":"product_cat-proteccion-visual","9":"first","10":"instock","11":"taxable","12":"shipping-taxable","13":"product-type-simple"},"_links":{"self":[{"href":"https:\/\/www.serpromin.cl\/store\/wp-json\/wp\/v2\/product\/6653","targetHints":{"allow":["GET"]}}],"collection":[{"href":"https:\/\/www.serpromin.cl\/store\/wp-json\/wp\/v2\/product"}],"about":[{"href":"https:\/\/www.serpromin.cl\/store\/wp-json\/wp\/v2\/types\/product"}],"replies":[{"embeddable":true,"href":"https:\/\/www.serpromin.cl\/store\/wp-json\/wp\/v2\/comments?post=6653"}],"wp:featuredmedia":[{"embeddable":true,"href":"https:\/\/www.serpromin.cl\/store\/wp-json\/wp\/v2\/media\/6658"}],"wp:attachment":[{"href":"https:\/\/www.serpromin.cl\/store\/wp-json\/wp\/v2\/media?parent=6653"}],"wp:term":[{"taxonomy":"product_brand","embeddable":true,"href":"https:\/\/www.serpromin.cl\/store\/wp-json\/wp\/v2\/product_brand?post=6653"},{"taxonomy":"product_cat","embeddable":true,"href":"https:\/\/www.serpromin.cl\/store\/wp-json\/wp\/v2\/product_cat?post=6653"},{"taxonomy":"product_tag","embeddable":true,"href":"https:\/\/www.serpromin.cl\/store\/wp-json\/wp\/v2\/product_tag?post=6653"}],"curies":[{"name":"wp","href":"https:\/\/api.w.org\/{rel}","templated":true}]}}