{"id":6437,"date":"2022-09-26T11:05:14","date_gmt":"2022-09-26T14:05:14","guid":{"rendered":"https:\/\/www.serpromin.cl\/store\/?post_type=product&#038;p=6437"},"modified":"2023-04-03T12:24:23","modified_gmt":"2023-04-03T15:24:23","slug":"casco-de-seguridad-evo-iii-roller-steelpro","status":"publish","type":"product","link":"https:\/\/www.serpromin.cl\/store\/producto\/casco-de-seguridad-evo-iii-roller-steelpro\/","title":{"rendered":"Casco de Seguridad EVO III Roller &#8211; Steelpro"},"content":{"rendered":"<p>Casco diel\u00e9ctrico EVO STEELPRO fabricado en PHAD, con sistema de suspensi\u00f3n de 4 slots permite absorber la energ\u00eda derivada de alg\u00fan impacto, disminuyendo su transmisi\u00f3n, evitando a su vez que el casco golpee directamente el cr\u00e1neo en caso de impacto.<\/p>\n<p>CARACTER\u00cdSTICAS.<\/p>\n<ul>\n<li>Las bandas de suspensi\u00f3n se ajustan a la cabeza para mayor comodidad y se puede ajustar su tama\u00f1o f\u00e1cilmente.<\/li>\n<li>Arn\u00e9s con ajuste tipo roller o Fast track c\u00f3modo, genera una sensaci\u00f3n de ajuste en la cabeza \u00fanica en su tipo.<\/li>\n<li>Cuenta con correas de nylon, almohadilla anti sudor para la frente.<\/li>\n<li>Cuenta con 4 orificios de anclaje para mayor seguridad y rigidez.<\/li>\n<li>Posee 4 orificios para barbiquejo\n<ul>\n<li>2 Primer nivel<\/li>\n<li>2 Trabajo en alturas<\/li>\n<\/ul>\n<\/li>\n<li>Diel\u00e9ctrico hasta 30.000 volt.<\/li>\n<li>Peso del casco completo 275 gr. Liviano y c\u00f3modo.<\/li>\n<\/ul>\n<p>CERTIFICACIONES.<\/p>\n<ul>\n<li>Nch 461: Clase A<\/li>\n<li>ANSI Z89.1 Clase E<\/li>\n<\/ul>\n","protected":false},"excerpt":{"rendered":"<p>Casco diel\u00e9ctrico EVO STEELPRO fabricado en PHAD, con sistema de suspensi\u00f3n de 4 slots permite absorber la energ\u00eda derivada de alg\u00fan impacto, disminuyendo su transmisi\u00f3n, evitando a su vez que el casco golpee directamente el cr\u00e1neo en caso de impacto.<\/p>\n","protected":false},"featured_media":6438,"comment_status":"open","ping_status":"closed","template":"","meta":{"om_disable_all_campaigns":false,"_monsterinsights_skip_tracking":false,"_monsterinsights_sitenote_active":false,"_monsterinsights_sitenote_note":"","_monsterinsights_sitenote_category":0,"_uf_show_specific_survey":0,"_uf_disable_surveys":false},"product_brand":[],"product_cat":[16,21],"product_tag":[],"class_list":{"0":"post-6437","1":"product","2":"type-product","3":"status-publish","4":"has-post-thumbnail","6":"product_cat-seguridad-industrial","7":"product_cat-proteccion-de-cabeza","9":"first","10":"instock","11":"taxable","12":"shipping-taxable","13":"product-type-simple"},"_links":{"self":[{"href":"https:\/\/www.serpromin.cl\/store\/wp-json\/wp\/v2\/product\/6437","targetHints":{"allow":["GET"]}}],"collection":[{"href":"https:\/\/www.serpromin.cl\/store\/wp-json\/wp\/v2\/product"}],"about":[{"href":"https:\/\/www.serpromin.cl\/store\/wp-json\/wp\/v2\/types\/product"}],"replies":[{"embeddable":true,"href":"https:\/\/www.serpromin.cl\/store\/wp-json\/wp\/v2\/comments?post=6437"}],"wp:featuredmedia":[{"embeddable":true,"href":"https:\/\/www.serpromin.cl\/store\/wp-json\/wp\/v2\/media\/6438"}],"wp:attachment":[{"href":"https:\/\/www.serpromin.cl\/store\/wp-json\/wp\/v2\/media?parent=6437"}],"wp:term":[{"taxonomy":"product_brand","embeddable":true,"href":"https:\/\/www.serpromin.cl\/store\/wp-json\/wp\/v2\/product_brand?post=6437"},{"taxonomy":"product_cat","embeddable":true,"href":"https:\/\/www.serpromin.cl\/store\/wp-json\/wp\/v2\/product_cat?post=6437"},{"taxonomy":"product_tag","embeddable":true,"href":"https:\/\/www.serpromin.cl\/store\/wp-json\/wp\/v2\/product_tag?post=6437"}],"curies":[{"name":"wp","href":"https:\/\/api.w.org\/{rel}","templated":true}]}}