{"id":6329,"date":"2022-09-12T17:20:41","date_gmt":"2022-09-12T20:20:41","guid":{"rendered":"https:\/\/www.serpromin.cl\/store\/?post_type=product&#038;p=6329"},"modified":"2022-09-12T17:20:42","modified_gmt":"2022-09-12T20:20:42","slug":"alicate-caiman-10-250-mm","status":"publish","type":"product","link":"https:\/\/www.serpromin.cl\/store\/producto\/alicate-caiman-10-250-mm\/","title":{"rendered":"ALICATE CAIMAN 10&#8242;; (250 mm)"},"content":{"rendered":"<p>ALICATE CAIMAN 250 MM (10&#8243;)<\/p>\n<ul>\n<li>Mordaza de acero cromo-vanadio para una m\u00e1xima durabilidad.<\/li>\n<li>Acci\u00f3n de bloqueo y liberaci\u00f3n r\u00e1pida y sencilla.<\/li>\n<li>La liberaci\u00f3n protegida ayuda a que el trabajo sea r\u00e1pido y seguro.<\/li>\n<li>Gire el tornillo para ajustar la presi\u00f3n de sujeci\u00f3n y encajar el trabajo.<\/li>\n<\/ul>\n<p>&nbsp;<\/p>\n","protected":false},"excerpt":{"rendered":"<p>ALICATE CAIMAN WORKPRO 250 MM (10&#8243;)<\/p>\n","protected":false},"featured_media":6330,"comment_status":"open","ping_status":"closed","template":"","meta":{"om_disable_all_campaigns":false,"_monsterinsights_skip_tracking":false,"_monsterinsights_sitenote_active":false,"_monsterinsights_sitenote_note":"","_monsterinsights_sitenote_category":0,"_uf_show_specific_survey":0,"_uf_disable_surveys":false},"product_brand":[],"product_cat":[260,20],"product_tag":[],"class_list":{"0":"post-6329","1":"product","2":"type-product","3":"status-publish","4":"has-post-thumbnail","6":"product_cat-herramientas-manuales","7":"product_cat-maquinaria-y-equipos","9":"first","10":"instock","11":"taxable","12":"shipping-taxable","13":"product-type-simple"},"_links":{"self":[{"href":"https:\/\/www.serpromin.cl\/store\/wp-json\/wp\/v2\/product\/6329","targetHints":{"allow":["GET"]}}],"collection":[{"href":"https:\/\/www.serpromin.cl\/store\/wp-json\/wp\/v2\/product"}],"about":[{"href":"https:\/\/www.serpromin.cl\/store\/wp-json\/wp\/v2\/types\/product"}],"replies":[{"embeddable":true,"href":"https:\/\/www.serpromin.cl\/store\/wp-json\/wp\/v2\/comments?post=6329"}],"wp:featuredmedia":[{"embeddable":true,"href":"https:\/\/www.serpromin.cl\/store\/wp-json\/wp\/v2\/media\/6330"}],"wp:attachment":[{"href":"https:\/\/www.serpromin.cl\/store\/wp-json\/wp\/v2\/media?parent=6329"}],"wp:term":[{"taxonomy":"product_brand","embeddable":true,"href":"https:\/\/www.serpromin.cl\/store\/wp-json\/wp\/v2\/product_brand?post=6329"},{"taxonomy":"product_cat","embeddable":true,"href":"https:\/\/www.serpromin.cl\/store\/wp-json\/wp\/v2\/product_cat?post=6329"},{"taxonomy":"product_tag","embeddable":true,"href":"https:\/\/www.serpromin.cl\/store\/wp-json\/wp\/v2\/product_tag?post=6329"}],"curies":[{"name":"wp","href":"https:\/\/api.w.org\/{rel}","templated":true}]}}