{"id":6064,"date":"2022-08-07T16:56:02","date_gmt":"2022-08-07T19:56:02","guid":{"rendered":"https:\/\/www.serpromin.cl\/store\/?post_type=product&#038;p=6064"},"modified":"2022-08-07T16:56:02","modified_gmt":"2022-08-07T19:56:02","slug":"esmeril-angular-aa-415-2-220-gladiator","status":"publish","type":"product","link":"https:\/\/www.serpromin.cl\/store\/producto\/esmeril-angular-aa-415-2-220-gladiator\/","title":{"rendered":"Esmeril Angular AA 415\/2\/220 &#8211; GLADIATOR"},"content":{"rendered":"<p>Esmeril angular 4 1\/2&#8243; 700 Watts velocidad variable<\/p>\n<p>Contenido :<\/p>\n<p>1 esmeril<br \/>\n1 mango lateral<br \/>\n1 llave de ajuste para disco<br \/>\n1 juego de carbones<\/p>\n","protected":false},"excerpt":{"rendered":"<p>El esmeril angular GALDIATOR AA 415\/2\/220 es una herramienta\u00a0 de uso profesional que garantiza un alto rendimiento en trabajos de construcci\u00f3n, ferreteria,etc. Su dise\u00f1o ergon\u00f3mico y sus 4 1\/2&#8243; de disco , su potencia de 700 watts mas su velodidad variable ofrece un producto de resistencia y preferida por profesionales para usar en multiples funciones.<\/p>\n","protected":false},"featured_media":6065,"comment_status":"open","ping_status":"closed","template":"","meta":{"om_disable_all_campaigns":false,"_monsterinsights_skip_tracking":false,"_monsterinsights_sitenote_active":false,"_monsterinsights_sitenote_note":"","_monsterinsights_sitenote_category":0,"_uf_show_specific_survey":0,"_uf_disable_surveys":false},"product_brand":[],"product_cat":[20],"product_tag":[],"class_list":{"0":"post-6064","1":"product","2":"type-product","3":"status-publish","4":"has-post-thumbnail","6":"product_cat-maquinaria-y-equipos","8":"first","9":"instock","10":"taxable","11":"shipping-taxable","12":"product-type-simple"},"_links":{"self":[{"href":"https:\/\/www.serpromin.cl\/store\/wp-json\/wp\/v2\/product\/6064","targetHints":{"allow":["GET"]}}],"collection":[{"href":"https:\/\/www.serpromin.cl\/store\/wp-json\/wp\/v2\/product"}],"about":[{"href":"https:\/\/www.serpromin.cl\/store\/wp-json\/wp\/v2\/types\/product"}],"replies":[{"embeddable":true,"href":"https:\/\/www.serpromin.cl\/store\/wp-json\/wp\/v2\/comments?post=6064"}],"wp:featuredmedia":[{"embeddable":true,"href":"https:\/\/www.serpromin.cl\/store\/wp-json\/wp\/v2\/media\/6065"}],"wp:attachment":[{"href":"https:\/\/www.serpromin.cl\/store\/wp-json\/wp\/v2\/media?parent=6064"}],"wp:term":[{"taxonomy":"product_brand","embeddable":true,"href":"https:\/\/www.serpromin.cl\/store\/wp-json\/wp\/v2\/product_brand?post=6064"},{"taxonomy":"product_cat","embeddable":true,"href":"https:\/\/www.serpromin.cl\/store\/wp-json\/wp\/v2\/product_cat?post=6064"},{"taxonomy":"product_tag","embeddable":true,"href":"https:\/\/www.serpromin.cl\/store\/wp-json\/wp\/v2\/product_tag?post=6064"}],"curies":[{"name":"wp","href":"https:\/\/api.w.org\/{rel}","templated":true}]}}