{"id":5214,"date":"2021-11-07T21:11:12","date_gmt":"2021-11-08T00:11:12","guid":{"rendered":"https:\/\/www.serpromin.cl\/store\/?post_type=product&#038;p=5214"},"modified":"2022-04-19T10:54:27","modified_gmt":"2022-04-19T13:54:27","slug":"barrera-de-contencion-flotante-crunchoil","status":"publish","type":"product","link":"https:\/\/www.serpromin.cl\/store\/producto\/barrera-de-contencion-flotante-crunchoil\/","title":{"rendered":"Barrera de Contenci\u00f3n Flotante &#8211; CrunchOil"},"content":{"rendered":"<p>Fabricadas en poli\u00e9ster recubierto de PVC, en ellas el elemento flotante se encuentra dentro de la c\u00e1mara de flotaci\u00f3n formando tramos de 1,5m. Longitud total de la barrera: 25m.<\/p>\n<p>PRODUCTO HECHO A MEDIDA.<\/p>\n","protected":false},"excerpt":{"rendered":"<p>Fabricadas en poli\u00e9ster recubierto de PVC, en ellas el elemento flotante se encuentra dentro de la c\u00e1mara de flotaci\u00f3n.<\/p>\n","protected":false},"featured_media":5215,"comment_status":"open","ping_status":"closed","template":"","meta":{"om_disable_all_campaigns":false,"_monsterinsights_skip_tracking":false,"_monsterinsights_sitenote_active":false,"_monsterinsights_sitenote_note":"","_monsterinsights_sitenote_category":0,"_uf_show_specific_survey":0,"_uf_disable_surveys":false},"product_brand":[],"product_cat":[19,111],"product_tag":[],"class_list":{"0":"post-5214","1":"product","2":"type-product","3":"status-publish","4":"has-post-thumbnail","6":"product_cat-aseo-industrial","7":"product_cat-contencion-de-derrames","9":"first","10":"instock","11":"taxable","12":"shipping-taxable","13":"product-type-simple"},"_links":{"self":[{"href":"https:\/\/www.serpromin.cl\/store\/wp-json\/wp\/v2\/product\/5214","targetHints":{"allow":["GET"]}}],"collection":[{"href":"https:\/\/www.serpromin.cl\/store\/wp-json\/wp\/v2\/product"}],"about":[{"href":"https:\/\/www.serpromin.cl\/store\/wp-json\/wp\/v2\/types\/product"}],"replies":[{"embeddable":true,"href":"https:\/\/www.serpromin.cl\/store\/wp-json\/wp\/v2\/comments?post=5214"}],"wp:featuredmedia":[{"embeddable":true,"href":"https:\/\/www.serpromin.cl\/store\/wp-json\/wp\/v2\/media\/5215"}],"wp:attachment":[{"href":"https:\/\/www.serpromin.cl\/store\/wp-json\/wp\/v2\/media?parent=5214"}],"wp:term":[{"taxonomy":"product_brand","embeddable":true,"href":"https:\/\/www.serpromin.cl\/store\/wp-json\/wp\/v2\/product_brand?post=5214"},{"taxonomy":"product_cat","embeddable":true,"href":"https:\/\/www.serpromin.cl\/store\/wp-json\/wp\/v2\/product_cat?post=5214"},{"taxonomy":"product_tag","embeddable":true,"href":"https:\/\/www.serpromin.cl\/store\/wp-json\/wp\/v2\/product_tag?post=5214"}],"curies":[{"name":"wp","href":"https:\/\/api.w.org\/{rel}","templated":true}]}}