{"id":4895,"date":"2020-10-29T16:03:17","date_gmt":"2020-10-29T19:03:17","guid":{"rendered":"https:\/\/www.serpromin.cl\/store\/?post_type=product&#038;p=4895"},"modified":"2022-04-19T10:54:27","modified_gmt":"2022-04-19T13:54:27","slug":"alcotest-marsbt-alcovisor","status":"publish","type":"product","link":"https:\/\/www.serpromin.cl\/store\/producto\/alcotest-marsbt-alcovisor\/","title":{"rendered":"Alcotest MarsBt &#8211; ALCOVISOR"},"content":{"rendered":"<p>El Alcotest Mars es un alcotest portatil de tama\u00f1o peque\u00f1o ideal para uso en Faena o Control de Alcohol en el \u00c1mbito Laboral.<\/p>\n<p>Especificaciones:<\/p>\n<p>Sensor Celda de combustible electro qu\u00edmica<br \/>\nT\u00b0 Operacional 0\u00b0C a 40\u00b0C<br \/>\nT\u00b0 Almacenaje -30\u00b0C a 70\u00b0C<br \/>\nTama\u00f1o 9,55 cms. x 5,3 cms x 1,75 cms<br \/>\nPeso 68,8 grs.<br \/>\nVida bater\u00edas 6 horas (puede tomar > 700 pruebas)<br \/>\nBater\u00eda DC 3,7V (400mAh bater\u00eda recargable de litio)<br \/>\nTama\u00f1o pantalla LCD 1,29\u2033 pantalla a color OLED<br \/>\nCorriente operativa <=50mA\nRango de detecci\u00f3n 0,000\u2030 BAC a 4,500\u2030 BAC\nExactitud A 1,000\u2030 BAC : +-10%\nTiempo respuesta <= 5 segundos\nConexi\u00f3n Bluetooth\nPuerto de carga de poder Micro USB\n<\/p>\n","protected":false},"excerpt":{"rendered":"<p>El Alcotest Mars es un alcotest portatil de tama\u00f1o peque\u00f1o ideal para uso en Faena o Control de Alcohol en el \u00c1mbito Laboral.<\/p>\n","protected":false},"featured_media":4900,"comment_status":"open","ping_status":"closed","template":"","meta":{"om_disable_all_campaigns":false,"_monsterinsights_skip_tracking":false,"_monsterinsights_sitenote_active":false,"_monsterinsights_sitenote_note":"","_monsterinsights_sitenote_category":0,"_uf_show_specific_survey":0,"_uf_disable_surveys":false},"product_brand":[],"product_cat":[173,20],"product_tag":[],"class_list":{"0":"post-4895","1":"product","2":"type-product","3":"status-publish","4":"has-post-thumbnail","6":"product_cat-equipos-de-medicion-y-testeo","7":"product_cat-maquinaria-y-equipos","9":"first","10":"instock","11":"taxable","12":"shipping-taxable","13":"product-type-simple"},"_links":{"self":[{"href":"https:\/\/www.serpromin.cl\/store\/wp-json\/wp\/v2\/product\/4895","targetHints":{"allow":["GET"]}}],"collection":[{"href":"https:\/\/www.serpromin.cl\/store\/wp-json\/wp\/v2\/product"}],"about":[{"href":"https:\/\/www.serpromin.cl\/store\/wp-json\/wp\/v2\/types\/product"}],"replies":[{"embeddable":true,"href":"https:\/\/www.serpromin.cl\/store\/wp-json\/wp\/v2\/comments?post=4895"}],"wp:featuredmedia":[{"embeddable":true,"href":"https:\/\/www.serpromin.cl\/store\/wp-json\/wp\/v2\/media\/4900"}],"wp:attachment":[{"href":"https:\/\/www.serpromin.cl\/store\/wp-json\/wp\/v2\/media?parent=4895"}],"wp:term":[{"taxonomy":"product_brand","embeddable":true,"href":"https:\/\/www.serpromin.cl\/store\/wp-json\/wp\/v2\/product_brand?post=4895"},{"taxonomy":"product_cat","embeddable":true,"href":"https:\/\/www.serpromin.cl\/store\/wp-json\/wp\/v2\/product_cat?post=4895"},{"taxonomy":"product_tag","embeddable":true,"href":"https:\/\/www.serpromin.cl\/store\/wp-json\/wp\/v2\/product_tag?post=4895"}],"curies":[{"name":"wp","href":"https:\/\/api.w.org\/{rel}","templated":true}]}}