{"id":4810,"date":"2020-10-11T13:26:54","date_gmt":"2020-10-11T16:26:54","guid":{"rendered":"https:\/\/www.serpromin.cl\/store\/?post_type=product&#038;p=4810"},"modified":"2022-04-19T10:54:27","modified_gmt":"2022-04-19T13:54:27","slug":"baliza-solar-destellante-para-cono","status":"publish","type":"product","link":"https:\/\/www.serpromin.cl\/store\/producto\/baliza-solar-destellante-para-cono\/","title":{"rendered":"Baliza Solar Destellante Para Cono"},"content":{"rendered":"<p>Baliza destellante solar para se\u00f1alizar tr\u00e1nsito, para zonas de obras, desv\u00edos y otras circunstancias que requieran alertar de forma provisoria. Entrega mucha luminosidad en condiciones de ambiente nublado y nocturno. Caracter\u00edsticas:<br \/>\nLentes de policarbonato.<br \/>\nPosee v\u00e1stago para instalar sobre conos y barreras con orificio.<br \/>\nMaterial: policarbonato.<br \/>\nCinta: Cinta prism\u00e1tica reflectiva.<br \/>\nVisibilidad: 360\u00b0.<br \/>\nEncendido autom\u00e1tico: detecta oscuridad y activa la luz.<br \/>\nFuente de poder: Energ\u00eda Solar.<br \/>\nPeso: 245 g.<br \/>\nVisibilidad hasta 200 metros.<br \/>\nTiempo de recarga. 6 horas Luz solar<br \/>\nRecargadas y encendida 80 horas<\/p>\n","protected":false},"excerpt":{"rendered":"<p>Baliza destellante solar para se\u00f1alizar tr\u00e1nsito.<\/p>\n","protected":false},"featured_media":4811,"comment_status":"open","ping_status":"closed","template":"","meta":{"om_disable_all_campaigns":false,"_monsterinsights_skip_tracking":false,"_monsterinsights_sitenote_active":false,"_monsterinsights_sitenote_note":"","_monsterinsights_sitenote_category":0,"_uf_show_specific_survey":0,"_uf_disable_surveys":false},"product_brand":[],"product_cat":[100,99,17],"product_tag":[],"class_list":{"0":"post-4810","1":"product","2":"type-product","3":"status-publish","4":"has-post-thumbnail","6":"product_cat-alerta-y-senalizacion","7":"product_cat-barreras-y-conos","8":"product_cat-seguridad-vial","10":"first","11":"instock","12":"taxable","13":"shipping-taxable","14":"product-type-simple"},"_links":{"self":[{"href":"https:\/\/www.serpromin.cl\/store\/wp-json\/wp\/v2\/product\/4810","targetHints":{"allow":["GET"]}}],"collection":[{"href":"https:\/\/www.serpromin.cl\/store\/wp-json\/wp\/v2\/product"}],"about":[{"href":"https:\/\/www.serpromin.cl\/store\/wp-json\/wp\/v2\/types\/product"}],"replies":[{"embeddable":true,"href":"https:\/\/www.serpromin.cl\/store\/wp-json\/wp\/v2\/comments?post=4810"}],"wp:featuredmedia":[{"embeddable":true,"href":"https:\/\/www.serpromin.cl\/store\/wp-json\/wp\/v2\/media\/4811"}],"wp:attachment":[{"href":"https:\/\/www.serpromin.cl\/store\/wp-json\/wp\/v2\/media?parent=4810"}],"wp:term":[{"taxonomy":"product_brand","embeddable":true,"href":"https:\/\/www.serpromin.cl\/store\/wp-json\/wp\/v2\/product_brand?post=4810"},{"taxonomy":"product_cat","embeddable":true,"href":"https:\/\/www.serpromin.cl\/store\/wp-json\/wp\/v2\/product_cat?post=4810"},{"taxonomy":"product_tag","embeddable":true,"href":"https:\/\/www.serpromin.cl\/store\/wp-json\/wp\/v2\/product_tag?post=4810"}],"curies":[{"name":"wp","href":"https:\/\/api.w.org\/{rel}","templated":true}]}}