{"id":4806,"date":"2020-10-11T13:16:28","date_gmt":"2020-10-11T16:16:28","guid":{"rendered":"https:\/\/www.serpromin.cl\/store\/?post_type=product&#038;p=4806"},"modified":"2022-04-19T10:56:15","modified_gmt":"2022-04-19T13:56:15","slug":"cinta-peligro-amarilla","status":"publish","type":"product","link":"https:\/\/www.serpromin.cl\/store\/producto\/cinta-peligro-amarilla\/","title":{"rendered":"Cinta Peligro Amarilla"},"content":{"rendered":"<p>Fabricado en cinta de polipropileno, estampada con la leyenda PELIGRO sobre fondo amarillo.<br \/>\nResistente a condiciones ambientales extremas.<br \/>\nOtorga flexibilidad al permitir estirar y hacer nudos para adaptarse a cualquier condici\u00f3n donde se deba delimitar un \u00e1rea espec\u00edfica.<br \/>\nEspesor de 35 micrones lo que permite que el rollo sea m\u00e1s compacto y \u00fatil para la optimizaci\u00f3n del espacio en su almacenamiento.<br \/>\nAncho 150 mm<br \/>\nLargo 350 Mts.<\/p>\n","protected":false},"excerpt":{"rendered":"<p>Fabricado en cinta de polipropileno, estampada con la leyenda PELIGRO, Fondo Amarillo.<\/p>\n","protected":false},"featured_media":4807,"comment_status":"open","ping_status":"closed","template":"","meta":{"om_disable_all_campaigns":false,"_monsterinsights_skip_tracking":false,"_monsterinsights_sitenote_active":false,"_monsterinsights_sitenote_note":"","_monsterinsights_sitenote_category":0,"_uf_show_specific_survey":0,"_uf_disable_surveys":false},"product_brand":[],"product_cat":[100,17],"product_tag":[],"class_list":{"0":"post-4806","1":"product","2":"type-product","3":"status-publish","4":"has-post-thumbnail","6":"product_cat-alerta-y-senalizacion","7":"product_cat-seguridad-vial","9":"first","10":"instock","11":"taxable","12":"shipping-taxable","13":"product-type-simple"},"_links":{"self":[{"href":"https:\/\/www.serpromin.cl\/store\/wp-json\/wp\/v2\/product\/4806","targetHints":{"allow":["GET"]}}],"collection":[{"href":"https:\/\/www.serpromin.cl\/store\/wp-json\/wp\/v2\/product"}],"about":[{"href":"https:\/\/www.serpromin.cl\/store\/wp-json\/wp\/v2\/types\/product"}],"replies":[{"embeddable":true,"href":"https:\/\/www.serpromin.cl\/store\/wp-json\/wp\/v2\/comments?post=4806"}],"wp:featuredmedia":[{"embeddable":true,"href":"https:\/\/www.serpromin.cl\/store\/wp-json\/wp\/v2\/media\/4807"}],"wp:attachment":[{"href":"https:\/\/www.serpromin.cl\/store\/wp-json\/wp\/v2\/media?parent=4806"}],"wp:term":[{"taxonomy":"product_brand","embeddable":true,"href":"https:\/\/www.serpromin.cl\/store\/wp-json\/wp\/v2\/product_brand?post=4806"},{"taxonomy":"product_cat","embeddable":true,"href":"https:\/\/www.serpromin.cl\/store\/wp-json\/wp\/v2\/product_cat?post=4806"},{"taxonomy":"product_tag","embeddable":true,"href":"https:\/\/www.serpromin.cl\/store\/wp-json\/wp\/v2\/product_tag?post=4806"}],"curies":[{"name":"wp","href":"https:\/\/api.w.org\/{rel}","templated":true}]}}