{"id":4731,"date":"2020-10-08T23:33:13","date_gmt":"2020-10-09T02:33:13","guid":{"rendered":"https:\/\/www.serpromin.cl\/store\/?post_type=product&#038;p=4731"},"modified":"2022-09-26T10:44:10","modified_gmt":"2022-09-26T13:44:10","slug":"casco-yako-steelpro","status":"publish","type":"product","link":"https:\/\/www.serpromin.cl\/store\/producto\/casco-yako-steelpro\/","title":{"rendered":"Casco de Seguridad Yako &#8211; STEELPRO"},"content":{"rendered":"<p>Casco dise\u00f1ado para actividades deportivas, trabajo en alturas y espacios confinados adem\u00e1s entrega alta comodidad y una protecci\u00f3n insuperable.<br \/>\nCaracter\u00edsticas:<br \/>\nEl casco posee cuatro ganchos de posicionamiento para el montaje de una l\u00e1mpara con cinta el\u00e1stica.<br \/>\nAjuste tipo roller.<br \/>\nArn\u00e9s de cuatro puntas.<br \/>\nBarbiquejo de 3 puntas con enganche al casco y mentonera siliconada.<br \/>\nSlots laterales de tama\u00f1o universal para complementar con accesorios y protecci\u00f3n auditiva.<\/p>\n","protected":false},"excerpt":{"rendered":"<p>Casco dise\u00f1ado para actividades deportivas, trabajo en alturas y espacios confinados adem\u00e1s entrega alta comodidad y una protecci\u00f3n insuperable.<\/p>\n","protected":false},"featured_media":4732,"comment_status":"open","ping_status":"closed","template":"","meta":{"om_disable_all_campaigns":false,"_monsterinsights_skip_tracking":false,"_monsterinsights_sitenote_active":false,"_monsterinsights_sitenote_note":"","_monsterinsights_sitenote_category":0,"_uf_show_specific_survey":0,"_uf_disable_surveys":false},"product_brand":[],"product_cat":[16,21,26,27],"product_tag":[126,128,129,127,131,130,133,65],"class_list":{"0":"post-4731","1":"product","2":"type-product","3":"status-publish","4":"has-post-thumbnail","6":"product_cat-seguridad-industrial","7":"product_cat-proteccion-de-cabeza","8":"product_cat-trabajo-en-altura","9":"product_cat-trabajo-en-espacios-confinados","10":"product_tag-casco","11":"product_tag-casco-altura","12":"product_tag-casco-de-proteccion","13":"product_tag-casco-de-seguridad","14":"product_tag-proteccion-de-cabeza","15":"product_tag-trabajo-en-altura","16":"product_tag-trabajoen-altura","17":"product_tag-woocommerce","19":"first","20":"instock","21":"taxable","22":"shipping-taxable","23":"product-type-simple"},"_links":{"self":[{"href":"https:\/\/www.serpromin.cl\/store\/wp-json\/wp\/v2\/product\/4731","targetHints":{"allow":["GET"]}}],"collection":[{"href":"https:\/\/www.serpromin.cl\/store\/wp-json\/wp\/v2\/product"}],"about":[{"href":"https:\/\/www.serpromin.cl\/store\/wp-json\/wp\/v2\/types\/product"}],"replies":[{"embeddable":true,"href":"https:\/\/www.serpromin.cl\/store\/wp-json\/wp\/v2\/comments?post=4731"}],"wp:featuredmedia":[{"embeddable":true,"href":"https:\/\/www.serpromin.cl\/store\/wp-json\/wp\/v2\/media\/4732"}],"wp:attachment":[{"href":"https:\/\/www.serpromin.cl\/store\/wp-json\/wp\/v2\/media?parent=4731"}],"wp:term":[{"taxonomy":"product_brand","embeddable":true,"href":"https:\/\/www.serpromin.cl\/store\/wp-json\/wp\/v2\/product_brand?post=4731"},{"taxonomy":"product_cat","embeddable":true,"href":"https:\/\/www.serpromin.cl\/store\/wp-json\/wp\/v2\/product_cat?post=4731"},{"taxonomy":"product_tag","embeddable":true,"href":"https:\/\/www.serpromin.cl\/store\/wp-json\/wp\/v2\/product_tag?post=4731"}],"curies":[{"name":"wp","href":"https:\/\/api.w.org\/{rel}","templated":true}]}}