{"id":3373,"date":"2014-07-24T03:06:11","date_gmt":"2014-07-24T06:06:11","guid":{"rendered":"http:\/\/demo2.wpdance.com\/oswadmarket_sample\/?product=default-simple-product-30"},"modified":"2022-09-26T11:13:12","modified_gmt":"2022-09-26T14:13:12","slug":"pantalla-de-proteccion-vizir-shadow-petzl","status":"publish","type":"product","link":"https:\/\/www.serpromin.cl\/store\/producto\/pantalla-de-proteccion-vizir-shadow-petzl\/","title":{"rendered":"Pantalla de Proteccion Vizir Shadow PETZL"},"content":{"rendered":"<p>La pantalla VIZIR SHADOW asegura la protecci\u00f3n de los ojos contra los riesgos de salpicaduras. Se instala f\u00e1cilmente en los cascos VERTEX y STRATO, gracias al sistema de fijaci\u00f3n EASYCLIP. Tiene un filtro de protecci\u00f3n solar de nivel 2,5 y tambi\u00e9n integra tratamientos antirayadas y antiempa\u00f1amiento.<\/p>\n<p>Protecci\u00f3n de los ojos contra los riesgos de salpicaduras:<br \/>\nPantalla tintada con filtro de protecci\u00f3n de nivel 2,5 para proteger los ojos del usuario cuando hace sol.<br \/>\nTratamiento antirayadas y antiempa\u00f1amiento.<br \/>\nPermite llevar gafas.<\/p>\n<p>Compatible con los cascos VERTEX (1) y los cascos STRATO:<br \/>\nInstalaci\u00f3n f\u00e1cil y r\u00e1pida, gracias al sistema de fijaci\u00f3n EASYCLIP incluido.<br \/>\nPaso r\u00e1pido de la posici\u00f3n \u00abtrabajo\u00bb a \u00abguardado\u00bb en la parte superior del casco haciendo pivotar la pantalla.<br \/>\nCompatible con la protecci\u00f3n para VIZIR y VIZIR SHADOW.<\/p>\n<p>Caracter\u00edsticas<\/p>\n<p>Peso: 80 g<\/p>\n<p>Materiales: policarbonato<\/p>\n<p>Certificaciones: CE EN 166, 1BT, CE EN 172, 5-2,5, ANSI Z87.1, EAC<\/p>\n","protected":false},"excerpt":{"rendered":"<p>La pantalla VIZIR SHADOW asegura la protecci\u00f3n de los ojos contra los riesgos de salpicaduras. Se instala f\u00e1cilmente en los cascos VERTEX y STRATO, gracias al sistema de fijaci\u00f3n EASYCLIP. Tiene un filtro de protecci\u00f3n solar de nivel 2,5 y tambi\u00e9n integra tratamientos antirayadas y antiempa\u00f1amiento.<\/p>\n","protected":false},"featured_media":6144,"comment_status":"open","ping_status":"closed","template":"","meta":{"om_disable_all_campaigns":false,"_monsterinsights_skip_tracking":false,"_monsterinsights_sitenote_active":false,"_monsterinsights_sitenote_note":"","_monsterinsights_sitenote_category":0,"_uf_show_specific_survey":0,"_uf_disable_surveys":false},"product_brand":[],"product_cat":[16,22,26,27],"product_tag":[124,125,122,130,133,65],"class_list":{"0":"post-3373","1":"product","2":"type-product","3":"status-publish","4":"has-post-thumbnail","6":"product_cat-seguridad-industrial","7":"product_cat-proteccion-visual","8":"product_cat-trabajo-en-altura","9":"product_cat-trabajo-en-espacios-confinados","10":"product_tag-pantalla-de-proteccion","11":"product_tag-proteccion-de-ojos","12":"product_tag-proteccion-visual","13":"product_tag-trabajo-en-altura","14":"product_tag-trabajoen-altura","15":"product_tag-woocommerce","17":"first","18":"instock","19":"taxable","20":"shipping-taxable","21":"product-type-simple"},"_links":{"self":[{"href":"https:\/\/www.serpromin.cl\/store\/wp-json\/wp\/v2\/product\/3373","targetHints":{"allow":["GET"]}}],"collection":[{"href":"https:\/\/www.serpromin.cl\/store\/wp-json\/wp\/v2\/product"}],"about":[{"href":"https:\/\/www.serpromin.cl\/store\/wp-json\/wp\/v2\/types\/product"}],"replies":[{"embeddable":true,"href":"https:\/\/www.serpromin.cl\/store\/wp-json\/wp\/v2\/comments?post=3373"}],"wp:featuredmedia":[{"embeddable":true,"href":"https:\/\/www.serpromin.cl\/store\/wp-json\/wp\/v2\/media\/6144"}],"wp:attachment":[{"href":"https:\/\/www.serpromin.cl\/store\/wp-json\/wp\/v2\/media?parent=3373"}],"wp:term":[{"taxonomy":"product_brand","embeddable":true,"href":"https:\/\/www.serpromin.cl\/store\/wp-json\/wp\/v2\/product_brand?post=3373"},{"taxonomy":"product_cat","embeddable":true,"href":"https:\/\/www.serpromin.cl\/store\/wp-json\/wp\/v2\/product_cat?post=3373"},{"taxonomy":"product_tag","embeddable":true,"href":"https:\/\/www.serpromin.cl\/store\/wp-json\/wp\/v2\/product_tag?post=3373"}],"curies":[{"name":"wp","href":"https:\/\/api.w.org\/{rel}","templated":true}]}}

<p>La pantalla VIZIR SHADOW asegura la protección de los ojos contra los riesgos de salpicaduras. Se instala fácilmente en los cascos VERTEX y STRATO, gracias al sistema de fijación EASYCLIP. Tiene un filtro de protección solar de nivel 2,5 y también integra tratamientos antirayadas y antiempañamiento.</p>
<p>Protección de los ojos contra los riesgos de salpicaduras:<br />
Pantalla tintada con filtro de protección de nivel 2,5 para proteger los ojos del usuario cuando hace sol.<br />
Tratamiento antirayadas y antiempañamiento.<br />
Permite llevar gafas.</p>
<p>Compatible con los cascos VERTEX (1) y los cascos STRATO:<br />
Instalación fácil y rápida, gracias al sistema de fijación EASYCLIP incluido.<br />
Paso rápido de la posición «trabajo» a «guardado» en la parte superior del casco haciendo pivotar la pantalla.<br />
Compatible con la protección para VIZIR y VIZIR SHADOW.</p>
<p>Características</p>
<p>Peso: 80 g</p>
<p>Materiales: policarbonato</p>
<p>Certificaciones: CE EN 166, 1BT, CE EN 172, 5-2,5, ANSI Z87.1, EAC</p>

<p>La pantalla VIZIR SHADOW asegura la protección de los ojos contra los riesgos de salpicaduras. Se instala fácilmente en los cascos VERTEX y STRATO, gracias al sistema de fijación EASYCLIP. Tiene un filtro de protección solar de nivel 2,5 y también integra tratamientos antirayadas y antiempañamiento.</p>
